s divided by 707.
668
What is the remainder when 34582 is divided by 11442?
256
Calculate the remainder when 2783523 is divided by 641.
301
What is the remainder when 132915 is divided by 4140?
435
Calculate the remainder when 143241 is divided by 71101.
1039
What is the remainder when 14290609 is divided by 498?
1
Calculate the remainder when 55566 is divided by 72.
54
Calculate the remainder when 11368705 is divided by 3725.
5
Calculate the remainder when 10018725 is divided by 96.
69
Calculate the remainder when 21581 is divided by 17176.
4405
What is the remainder when 4000645 is divided by 2465?
2415
What is the remainder when 1083408 is divided by 28499?
446
What is the remainder when 785848 is divided by 157161?
43
Calculate the remainder when 940732 is divided by 940684.
48
Calculate the remainder when 87759 is divided by 96.
15
What is the remainder when 23014221 is divided by 144?
141
What is the remainder when 37251903 is divided by 11340?
3
Calculate the remainder when 1944410 is divided by 12464.
26
What is the remainder when 455654 is divided by 227683?
288
What is the remainder when 780189 is divided by 1840?
29
Calculate the remainder when 14233505 is divided by 1390.
1295
What is the remainder when 5854658 is divided by 826?
796
Calculate the remainder when 14464001 is divided by 7232000.
1
Calculate the remainder when 6950698 is divided by 154457.
133
What is the remainder when 12218 is divided by 3181?
2675
Calculate the remainder when 724075 is divided by 723821.
254
Calculate the remainder when 836289 is divided by 87.
45
Calculate the remainder when 138388 is divided by 5996.
480
What is the remainder when 230747 is divided by 76855?
182
What is the remainder when 343877 is divided by 578?
545
What is the remainder when 22273 is divided by 9011?
4251
What is the remainder when 488852 is divided by 1056?
980
Calculate the remainder when 44873 is divided by 44748.
125
What is the remainder when 11829057 is divided by 17?
15
What is the remainder when 13294602 is divided by 76?
74
What is the remainder when 205549 is divided by 584?
565
What is the remainder when 228105 is divided by 28?
17
Calculate the remainder when 34887501 is divided by 289.
288
What is the remainder when 9673606 is divided by 9673596?
10
Calculate the remainder when 27624 is divided by 9197.
33
Calculate the remainder when 3853312 is divided by 240832.
0
What is the remainder when 34024028 is divided by 332?
4
What is the remainder when 18952870 is divided by 12?
10
What is the remainder when 220816 is divided by 27?
10
What is the remainder when 2915214 is divided by 7234?
7146
Calculate the remainder when 46085 is divided by 6500.
585
What is the remainder when 8731186 is divided by 3?
1
What is the remainder when 8170082 is divided by 8170041?
41
Calculate the remainder when 2296840 is divided by 15012.
4
Calculate the remainder when 977723 is divided by 486.
377
What is the remainder when 6207429 is divided by 2492?
2349
Calculate the remainder when 27708 is divided by 2681.
898
Calculate the remainder when 277272 is divided by 27713.
142
What is the remainder when 5942817 is divided by 827?
822
Calculate the remainder when 3491591 is divided by 62.
61
What is the remainder when 5857146 is divided by 239?
212
What is the remainder when 1318915 is divided by 20608?
3
Calculate the remainder when 16044102 is divided by 1015.
1012
Calculate the remainder when 22629604 is divided by 76.
72
What is the remainder when 18918946 is divided by 2839?
2689
Calculate the remainder when 15954484 is divided by 17.
1
Calculate the remainder when 7519803 is divided by 9.
6
Calculate the remainder when 3960761472 is divided by 4325.
4322
Calculate the remainder when 4242929 is divided by 809.
533
Calculate the remainder when 870179 is divided by 435080.
19
What is the remainder when 392262 is divided by 648?
222
What is the remainder when 352002 is divided by 58613?
324
What is the remainder when 209953 is divided by 22441?
7984
Calculate the remainder when 4009989 is divided by 8036.
25
What is the remainder when 10995893 is divided by 441?
440
What is the remainder when 2757074 is divided by 761?
732
What is the remainder when 1347598 is divided by 414?
28
What is the remainder when 1009488 is divided by 12015?
228
Calculate the remainder when 86768 is divided by 21647.
180
Calculate the remainder when 2636167 is divided by 128.
7
Calculate the remainder when 137871 is divided by 2714.
2171
Calculate the remainder when 92420 is divided by 44839.
2742
Calculate the remainder when 4979809 is divided by 13.
3
What is the remainder when 40989668 is divided by 1280927?
4
What is the remainder when 51616642 is divided by 27?
13
Calculate the remainder when 1732369 is divided by 78.
67
Calculate the remainder when 272540 is divided by 88640.
6620
Calculate the remainder when 51827 is divided by 462.
83
What is the remainder when 288447 is divided by 8?
7
What is the remainder when 210380493 is divided by 14?
1
What is the remainder when 847646 is divided by 8829?
62
Calculate the remainder when 964808 is divided by 201.
8
What is the remainder when 2849601 is divided by 200?
1
Calculate the remainder when 148981 is divided by 69.
10
What is the remainder when 978262 is divided by 159?
94
Calculate the remainder when 365869 is divided by 488.
357
What is the remainder when 59109728 is divided by 132?
128
Calculate the remainder when 223223497 is divided by 16.
9
What is the remainder when 13385276 is divided by 6692635?
6
What is the remainder when 884912 is divided by 126200?
1512
What is the remainder when 9156373 is divided by 644?
625
What is the remainder when 9985750 is divided by 3747?
3742
What is the remainder when 1985203 is divided by 3126?
193
Calculate the remainder when 5485551 is divided by 9.
6
Calculate the remainder when 491780 is divided by 611.
536
Calculate the remainder when 43769 is divided by 879.
698
Calculate the remainder when 7790603 is divided by 2373.
44
What is the remainder when 35794298 is divided by 12292?
12286
Calculate the remainder when 97411 is divided by 29433.
9112
Calculate the remainder when 422467 is divided by 6401.
1
What is the remainder when 3604364818 is divided by 204?
202
What is the remainder when 5147350 is divided by 21?
19
Calculate the remainder when 3959984 is divided by 450.
434
Calculate the remainder when 4046043 is divided by 1348663.
54
Calculate the remainder when 3068915 is divided by 3429.
3389
What is the remainder when 3357043 is divided by 5018?
1
What is the remainder when 1870158 is divided by 143856?
30
What is the remainder when 38114644 is divided by 49?
43
Calculate the remainder when 11145509 is divided by 406.
403
Calculate the remainder when 16237 is divided by 3238.
47
Calculate the remainder when 110853 is divided by 472.
405
Calculate the remainder when 193964832 is divided by 49.
47
What is the remainder when 120639504 is divided by 242248?
0
What is the remainder when 4702623 is divided by 49?
44
What is the remainder when 279493 is divided by 487?
442
Calculate the remainder when 8276 is divided by 1052.
912
What is the remainder when 29693 is divided by 1952?
413
What is the remainder when 33817 is divided by 1171?
1029
Calculate the remainder when 4590214 is divided by 4590187.
27
What is the remainder when 3153879 is divided by 525646?
3
Calculate the remainder when 177404 is divided by 652.
60
Calculate the remainder when 11846913 is divided by 18.
15
Calculate the remainder when 4851330 is divided by 915.
0
What is the remainder when 618652 is divided by 33?
1
Calculate the remainder when 350692 is divided by 7302.
196
Calculate the remainder when 50256584 is divided by 2348.
2340
Calculate the remainder when 152380004 is divided by 400.
4
What is the remainder when 251205 is divided by 2977?
1137
Calculate the remainder when 33112551 is divided by 87.
3
What is the remainder when 719347 is divided by 143865?
22
Calculate the remainder when 3250543 is divided by 3698.
1
What is the remainder when 394594 is divided by 35871?
13
Calculate the remainder when 954816 is divided by 3100.
16
Calculate the remainder when 14503 is divided by 8538.
5965
Calculate the remainder when 304761 